git of 1482524?
2
What is the millions digit of 4998438?
4
What is the ten thousands digit of 1196305?
9
What is the tens digit of 294204?
0
What is the tens digit of 29527859?
5
What is the ten thousands digit of 9025438?
2
What is the thousands digit of 2389592?
9
What is the hundreds digit of 354120?
1
What is the units digit of 129762?
2
What is the hundred thousands digit of 1278360?
2
What is the units digit of 180379?
9
What is the hundreds digit of 1741150?
1
What is the units digit of 7054210?
0
What is the hundreds digit of 18204361?
3
What is the thousands digit of 19773825?
3
What is the hundreds digit of 1282801?
8
What is the units digit of 278333?
3
What is the ten thousands digit of 2340690?
4
What is the units digit of 10062882?
2
What is the tens digit of 244552?
5
What is the tens digit of 3097539?
3
What is the tens digit of 196906?
0
What is the ten thousands digit of 16543335?
4
What is the millions digit of 5613886?
5
What is the hundred thousands digit of 460713?
4
What is the ten thousands digit of 964905?
6
What is the hundreds digit of 5029724?
7
What is the thousands digit of 1558591?
8
What is the millions digit of 2039952?
2
What is the hundreds digit of 11942040?
0
What is the units digit of 3943101?
1
What is the ten thousands digit of 906079?
0
What is the units digit of 309056?
6
What is the tens digit of 244380?
8
What is the hundred thousands digit of 693586?
6
What is the ten thousands digit of 2171827?
7
What is the hundreds digit of 3891417?
4
What is the millions digit of 17117604?
7
What is the thousands digit of 1284617?
4
What is the hundred thousands digit of 2973850?
9
What is the tens digit of 1250362?
6
What is the tens digit of 129522?
2
What is the ten thousands digit of 5462435?
6
What is the units digit of 1319810?
0
What is the tens digit of 749273?
7
What is the thousands digit of 2655056?
5
What is the units digit of 162930?
0
What is the ten thousands digit of 6388839?
8
What is the tens digit of 70413?
1
What is the tens digit of 1673195?
9
What is the ten thousands digit of 576523?
7
What is the hundred thousands digit of 622138?
6
What is the tens digit of 2967305?
0
What is the units digit of 2107146?
6
What is the millions digit of 3379255?
3
What is the hundreds digit of 444548?
5
What is the tens digit of 305814?
1
What is the thousands digit of 33517274?
7
What is the ten millions digit of 23036168?
2
What is the ten thousands digit of 131385?
3
What is the ten thousands digit of 769505?
6
What is the thousands digit of 446353?
6
What is the tens digit of 58610?
1
What is the thousands digit of 477292?
7
What is the ten thousands digit of 2434535?
3
What is the tens digit of 470828?
2
What is the units digit of 425477?
7
What is the millions digit of 5656574?
5
What is the millions digit of 3938072?
3
What is the ten thousands digit of 1397008?
9
What is the ten thousands digit of 10975666?
7
What is the tens digit of 6390256?
5
What is the hundreds digit of 126762?
7
What is the tens digit of 2201243?
4
What is the units digit of 3178779?
9
What is the hundreds digit of 3340309?
3
What is the hundreds digit of 275696?
6
What is the hundreds digit of 6166712?
7
What is the hundred thousands digit of 3948881?
9
What is the units digit of 239544?
4
What is the hundred thousands digit of 4576871?
5
What is the hundred thousands digit of 635210?
6
What is the tens digit of 4316038?
3
What is the tens digit of 14599205?
0
What is the units digit of 3049?
9
What is the units digit of 367346?
6
What is the hundreds digit of 2112711?
7
What is the hundreds digit of 703587?
5
What is the thousands digit of 162012?
2
What is the hundreds digit of 226690?
6
What is the hundred thousands digit of 1534001?
5
What is the hundred thousands digit of 8909907?
9
What is the ten thousands digit of 2979548?
7
What is the hundreds digit of 152067?
0
What is the ten thousands digit of 4510274?
1
What is the ten thousands digit of 359084?
5
What is the thousands digit of 386849?
6
What is the hundreds digit of 6717306?
3
What is the units digit of 16014416?
6
What is the hundred thousands digit of 167369?
1
What is the ten millions digit of 12369439?
1
What is the ten thousands digit of 405119?
0
What is the thousands digit of 31558?
1
What is the thousands digit of 4146799?
6
What is the hundred thousands digit of 8691075?
6
What is the tens digit of 2158180?
8
What is the hundreds digit of 256346?
3
What is the units digit of 1509713?
3
What is the thousands digit of 1603401?
3
What is the hundreds digit of 256383?
3
What is the thousands digit of 4570432?
0
What is the ten thousands digit of 619858?
1
What is the tens digit of 3741559?
5
What is the ten millions digit of 10004692?
1
What is the hundreds digit of 686632?
6
What is the tens digit of 346622?
2
What is the hundreds digit of 193347?
3
What is the tens digit of 124935?
3
What is the thousands digit of 1840945?
0
What is the ten thousands digit of 147261?
4
What is the thousands digit of 272531?
2
What is the thousands digit of 2611910?
1
What is the millions digit of 4627916?
4
What is the hundred thousands digit of 311834?
3
What is the ten thousands digit of 429562?
2
What is the units digit of 244286?
6
What is the hundreds digit of 414456?
4
What is the units digit of 103250?
0
What is the ten thousands digit of 354657?
5
What is the hundreds digit of 35807677?
6
What is the ten thousands digit of 25993796?
9
What is the hundred thousands digit of 5909088?
9
What is the units digit of 759220?
0
What is the tens digit of 54251?
5
What is the ten thousands digit of 2367781?
6
What is the hundred thousands digit of 1263718?
2
What is the tens digit of 1256807?
0
What is the hundred thousands digit of 15174488?
1
What is the hundred thousands digit of 302878?
3
What is the millions digit of 5859761?
5
What is the tens digit of 7639036?
3
What is the hundred thousands digit of 774846?
7
What is the thousands digit of 8233?
8
What is the tens digit of 117501?
0
What is the tens digit of 151493?
9
What is the millions digit of 2772933?
2
What is the thousands digit of 5204961?
4
What is the hundred thousands digit of 2629783?
6
What is the millions digit of 8343000?
8
What is the hundreds digit of 10419229?
2
What is the hundreds digit of 437883?
8
What is the hundreds digit of 12634546?
5
What is the hundreds digit of 866745?
7
What is the units digit of 729442?
2
What is the units digit of 568409?
9
What is the thousands digit of 266117?
6
What is the millions digit of 4655177?
4
What is the thousands digit of 178369?
8
What is the millions digit of 1434793?
1
What is the thousands digit of 17672?
7
What is the hundred thousands digit of 1112824?
1
What is the units digit of 5592538?
8
What is the ten millions digit of 18138399?
1
What is the ten millions digit of 30558083?
3
What is the ten millions digit of 12704437?
1
What is the tens digit of 2559290?
9
What is the hundreds digit of 154778?
7
What is the hundreds digit of 494687?
6
What is the units digit of 1192004?
4
What is the tens digit of 781280?
8
What is the hundred thousands digit of 945699?
9
What is the hundred thousands digit of 9588957?
5
What is the thousands digit of 763251?
3
What is the hundred thousands digit of 7188953?
1
What is the ten thousands digit of 11413?
1
What is the units digit of 1408478?
8
What is the units digit of 38739?
9
What is the units digit of 59881?
1
What is the tens digit of 5704256?
5
What is the ten thousands digit of 134834?
3
What is the units digit of 245856?
6
What is the hundred thousands digit of 305586?
3
What is the units digit of 34642?
2
What is the units digit of 376724?
4
What is the hundred thousands digit of 342303?
3
What is the hundred thousands digit of 869181?
8
What is the units digit of 333938?
8
What is the ten thousands digit of 259007?
5
What is the hundreds digit of 201635?
6
What is the thousands digit of 42624?
2
What is the thousands digit of 10322782?
2
What is the thousands digit of 11649733?
9
What is the tens digit of 18653011?
1
What is the hundreds digit of 1935042?
0
What is the hundreds digit of 8558861?
8
What is the tens digit of 1648911?
1
What is the hundred thousands digit of 3627425?
6
What is the 